 -3*r + 5 + x*r**2 - 5*r**2 - 2*r. Let s be -1 + 3/((-9)/12). What is m(s)?
5
Let b(y) = 3*y**2 - 10*y - 11. Let j be b(9). Let u = j - 97. Let d be 5/(u/(-12))*3. Let w(c) = 2*c + 3. Give w(d).
-5
Let i(x) be the second derivative of x + 0 + 1/20*x**5 - 1/2*x**3 + 1/4*x**4 - x**2. What is i(-4)?
-6
Let j be 6/9*-3 + 4. Let k = j + 0. Let w(l) = 2*l**2 + 3*l - 3*l**k - 3*l - l**3. Calculate w(-2).
4
Let j(n) = 9*n**2 + 2 + 2 - 2. Let u(f) = -10*f**2 - 3. Let h(k) = 4*j(k) + 3*u(k). Suppose 0 = -2*w - 5*o - 26 + 3, 4*w = -2*o - 6. What is h(w)?
5
Let g(l) = 3*l + 4. Let x = 2 - 5. Give g(x).
-5
Let w(t) = 5*t**3 - 8*t**2 - 11*t + 1. Let m(g) = g**3 - g**2 - g. Let f(q) = 4*m(q) - w(q). Determine f(5).
9
Let r(l) = -l**2 - 3*l + 7. Let f = -5 + 0. Calculate r(f).
-3
Let r(z) = -z**3 + z**2 - z - 4. Let p(x) = x**2 + 8*x - 1. Let j be p(-9). Let b be j/(-20) - 4/(-10). Give r(b).
-4
Let q(f) = -f**3 + 4*f**2 + 7*f - 5. Let j(u) = -u**3 - 20*u**2 - u - 15. Let y be j(-20). Give q(y).
5
Let t be 63/(-12) + (-3)/(-12). Let o(s) = -s**2 - 7*s + 1. What is o(t)?
11
Suppose -2*c + 3 = -q - 4, 0 = -2*c + 3*q + 1. Let u = -9 + c. Let d(g) = g. What is d(u)?
-4
Let w(l) = l - 1. Let c(h) = -7*h - 3. Let q(n) = -c(n) - 6*w(n). Calculate q(-6).
3
Let a(m) = -5*m + 14. Let v(u) = 9*u - 26. Let b(d) = -7*a(d) - 4*v(d). Calculate b(0).
6
Let t(g) = -7*g. Let m be 65/(-9) - (-10)/45. Let u = m - -8. What is t(u)?
-7
Let f(k) = -k**3 + 5*k**2 - 4*k + 5. Let z = 146 + -141. Give f(z).
-15
Suppose -5*i - 3*a = -9 + 3, 5*a = -5*i + 10. Let j be i + (-6*2)/2. Let w(r) = r + 5. Determine w(j).
-1
Let h(g) = g**3 - g**2. Let m(n) = 4*n**3 - 7*n**2 - 2. Let o(y) = -3*h(y) + m(y). Let j(a) = 6*a - 2. Let z be j(1). Let k be -2 + z - (1 + -3). Give o(k).
-2
Let o(h) = -3*h + 4. Let t(y) = 12*y - 15. Let r(i) = 9*o(i) + 2*t(i). Let k(u) = u**2 - 4*u + 4. Let c = 10 + -6. Let p be k(c). Give r(p).
-6
Let v(z) be the first derivative of z**3/3 - z**2/2 - 4*z + 49. Give v(0).
-4
Let k(u) = 0*u + u - 3 + 4 - u**2. Let q(m) = -5*m**2 + 5*m + 6. Let d(j) = -4*k(j) + q(j). Let r be ((-3)/2)/(2/(-4)). Give d(r).
-4
Let q(s) = s**2 - 7*s + 3. Suppose z - 3*k - 4 = 1, -4*z - 20 = -4*k. Let w(v) = v + 16. Let c be w(z). Give q(c).
-3
Let s(k) = -k + 5*k - 3*k. Let b(h) = h**3 + 4*h**2 - 7. Let y be b(-5). Let g be (y/(-6))/4*-3. What is s(g)?
-4
Let n(l) = -l**2 + 2*l + 3. Suppose -4 = f - 8. Let q be n(f). Let m(g) be the first derivative of -g**3/3 - 2*g**2 + 3*g - 1. Determine m(q).
-2
Let z(n) = -6 - 3 + 10 + 2*n. Calculate z(-4).
-7
Suppose -3*j = -6*j + 9. Suppose j*y + 0 = -12. Let p(l) = l**3 + 4*l**2 - l. Determine p(y).
4
Let l(z) = 11*z + 1 - 2 + 2*z. Determine l(-1).
-14
Let g(y) = y**3 + 8*y**2 + 4*y. Let n(l) = -l**3 - 8*l**2 - 5*l + 1. Let v(c) = -2*g(c) - 3*n(c). What is v(-7)?
-3
Suppose -2 = -g - 5. Let m(p) = p**2 + 4*p + 1. Let r be m(g). Let t(w) = -w**2 - w**3 - 1 - 2*w**2 - 3*w + 0. Give t(r).
1
Let f(a) = a**3 + 4*a**2 - 5*a - 5. Let c(t) be the first derivative of t**4 + 11*t**3/3 - 15*t**2/2 - 16*t + 4. Let m(q) = 2*c(q) - 7*f(q). Calculate m(4).
-9
Let s(q) = -q**3 - 6*q**2 - 5*q - 1. Let j(i) = -i**2 - 5 + 4 - 2 - 2. Let k be j(0). Determine s(k).
-1
Let d be 1 + 3/(9/15). Let x(o) = -o**3 + 5*o**2 + 5*o + 8. Give x(d).
2
Let p(w) = -9*w - 2. Suppose 0 = -4*n + 33 - 41. Calculate p(n).
16
Let p(w) = -5*w + 1. Let r = -23 - -28. What is p(r)?
-24
Let o be (-45)/(-3) + 0 - -1. Let u = -13 + o. Let v(x) = -2*x**2 + 5*x - 4. Calculate v(u).
-7
Suppose 0 = -3*s + 6 - 0. Let o(x) = x**2 + 3*x - 5. Let m(t) = -2*t**2 - 5*t + 9. Let d(j) = s*m(j) + 5*o(j). Determine d(-7).
7
Let a(w) = w**3 - w**2 - 5*w + 2. Let t be a(3). Let f(j) = j**3 - 6*j**2 + j + 5. Let r(y) = -y + 1. Let c(v) = f(v) - 2*r(v). Calculate c(t).
-7
Let i(w) = w**2 + 7*w + 3. Let h be (-2)/5 - (-594)/10. Let t = -29 + h. Suppose 0*j + t = -5*j. What is i(j)?
-3
Let u(i) = 3*i**3 + 11*i**2 + 8*i + 3. Let q(l) = 4 + 17*l**2 + 8*l + 3 + 5*l**3 - 2 + 4*l. Let z(w) = -5*q(w) + 8*u(w). What is z(4)?
-1
Let v(a) = -2*a**2 + 12*a - 2. Let q be v(6). Let g(y) = -2*y**2 - 4*y - 3. Give g(q).
-3
Suppose 0 = -3*y - 2 + 14. Let l(m) = m - 4 + m**3 - y + m**2 + 2. Suppose 4*z = 5*n + 2 + 18, 15 = -4*n + 3*z. Determine l(n).
-6
Let y(v) be the third derivative of v**5/60 + v**4/4 + 7*v**3/6 - 2*v**2. Suppose -h + 2*f - 16 = 0, f = -4*h - 4*f + 1. Give y(h).
7
Suppose 41 = -12*s - 31. Let k(b) = b**3 + 6*b**2 - 3*b - 9. What is k(s)?
9
Let h be 5 + 2/(0 - 1). Let z(c) = -c - 1. Let j(r) = -5*r + 2. Let v(o) = j(o) - z(o). What is v(h)?
-9
Let g(k) = -3*k - 4*k + k**2 + 3*k. Let v be (3 + -2 + -3)*(-26)/13. Give g(v).
0
Suppose 0 = -j + 2*k - 13, -6*k - 11 = 3*j - 5*k. Let t(s) = s + 10. Calculate t(j).
5
Let o(g) = g**3 + g + 5. Let d be o(0). Suppose 3*r + 13 = d*c, -c = r + 3 - 4. Let t(f) = 0*f + 3*f - f**c + 2 + 2*f. Calculate t(5).
2
Let r(t) = -4*t**3 - t**2 - 3*t - 1. Let p(v) = 11*v**3 + 2*v**2 + 8*v + 2. Let u(w) = 3*p(w) + 8*r(w). Calculate u(3).
7
Suppose -3*u - 15 = 0, 0 = -5*m + m - 2*u + 10. Let k(z) = z**3 - 6*z**2 + 7*z - 7. Calculate k(m).
3
Let u = 21 + -26. Let h(w) = -w - 2. What is h(u)?
3
Let b(v) = v**2 - 5*v - 3. Let x be (-4)/(-34) - 132/(-34). Suppose -2*k + 2 = l - 11, 5*l - 25 = 0. Suppose -11 = c - 3*u, -x*c - 4 = -k*u - 0. Determine b(c).
-7
Let b(x) be the first derivative of -x**2/2 - 3*x + 1. Let l(u) = 6*u + 16. Suppose -2*f = -3*n, 4*n + f - 4*f = -1. Let o(p) = n*l(p) + 11*b(p). What is o(2)?
1
Suppose 14 = -4*j - 6. Let h(d) be the third derivative of 1/6*d**4 + 1/60*d**5 + d**2 + 0*d + 0 - 1/6*d**3. What is h(j)?
4
Let u be (-1)/3 - 26/(-6). Let a(w) = -u - 1 + w**2 + 8. Determine a(0).
3
Let p(r) = -1 - r**2 - 5*r - 2 + r. Let n(z) = -z**2 + 2*z - 2. Let q be n(2). Let t = q - 1. Give p(t).
0
Let i = 15 - 14. Let y(h) = 5*h - 1. Determine y(i).
4
Let k(u) be the first derivative of -u**4/2 - u - 1. Let j(c) = -c**3 + 2*c**2 - c + 1. Let g be j(2). Calculate k(g).
1
Let w(k) = 2*k**2 + 4*k + 3. Let t(c) = c - 2. Let y be t(0). Let o be w(y). Let q(z) = -z**3 + 3*z**2 - z - 4. What is q(o)?
-7
Let v(j) = -j**2 + 49 - 5*j - 47 + 2*j**2. Determine v(5).
2
Let p(q) = -q**3 + 9*q**2 - 6*q + 18. Let r(f) = f - 1. Let o(s) = p(s) + 5*r(s). What is o(9)?
4
Let v(a) = -a**3 + 3*a**2 + 4*a - 3. Suppose -2*y + 3*y = 18. Let z = -15 + y. What is v(z)?
9
Let z = 5 + -2. Let a(t) = 6*t**3 - 8*t**2 + 4*t + 1. Let q(v) = 7*v**3 - 9*v**2 + 5*v + 1. Let d(k) = 6*a(k) - 5*q(k). Give d(z).
-2
Let a(r) = 9*r**3 + 3*r**3 + 6*r**2 - 4 + 3*r + 13*r**3 - 24*r**3. Let x = 2 + -7. What is a(x)?
6
Let a(n) = -n**3 + 4*n**2 - 3*n. Let t be 12/28 + (-36)/(-14) + -1. What is a(t)?
2
Let k(l) = -l**2 - 1. Let j(u) = u**2 - 2*u + 6. Let z(s) = -j(s) - 4*k(s). Calculate z(-2).
6
Suppose 5*x = -k - 0*k + 24, 5*x = 3*k + 8. Let p be x + (-5 - (-4 + 2)). Let b(y) = -11*y + 1. What is b(p)?
-10
Suppose -4*b + 38 = 6. Suppose -2 = 2*u + 2*h, -3*h - b = -u + 3. Let t(c) = -1 - 2*c - 3 + 6. Calculate t(u).
-2
Suppose 5*i + 5*d - 25 = -0*i, -3*i = -5*d - 7. Let x(b) = -4*b + 0 + i*b - 1 + b**2 - 4*b. Determine x(3).
-4
Let n(a) = -a**3 + 3*a**2 + 3*a - 2. Let q be 3 - (3 + (-6 - -2)). Give n(q).
-6
Let f(h) = -h**2 + 2. Suppose 20 = 3*o - 4. Let p(w) = w - 6. Let d be p(o). What is f(d)?
-2
Let j(v) = -2*v - 7. Let l(d) = 2*d + 8. Let o(b) = 4*j(b) + 3*l(b). Determine o(-4).
4
Let o = 48 - 52. Let x(m) = -m**3 - 3*m**2 - 2*m - 4. Let v be x(-3). Let q(d) = 1 + 4*d**v - 2*d + 3*d + d**3 + 0*d. Give q(o).
-3
Let f(a) = 10*a**3 + a**2 - 2*a + 1. Let s = 10 - 7. Suppose -s*l + 0*l - 5*z - 2 = 0, -5*l = 5*z. What is f(l)?
10
Let l(d) = -d**3 + 5*d**2 + 3. Let t be l(5). Let v(y) = 2 + 2 - 2 + 6*y - t - y**2. Give v(7).
-8
Let p(k) = -k - 6 + 2 - 2*k + 2*k. Calculate p(-5).
1
Let f(x) = x**2 + 5*x + 4. Let l(a) = 2*a**2 + 10*a + 8. Let o(u) = -5*f(u) + 2*l(u). What is o(-3)?
2
Let z = 6 - 4. Let k(x) = -x**2 + 0*x**z - 4 + 4*x**2 - 2*x - 2*x**2. Let o(i) = i**2 - 2*i - 4. Let r be o(4). Calculate k(r).
4
Suppose z - 11 = 2*j, 3*j = 6*j + 4*z. Let v(l) = l**2 + 5*l + 1. Calculate v(j).
-3
Let d(k) be the second derivative of -k**4/6 + k**3/2 + 3*k**2/2 - 2*k. Calculate d(3).
-6
Suppose -q = -4*q + 6. Suppose 3*o - 